e 1 + (-8)/(6/c). List the prime factors of f(y).
11
Suppose -5*o - 155 = 2*r, -4*r = -2*r + 10. Let a = -64 - o. Let v = a - -55. What are the prime factors of v?
2, 5
Let n = -7 + 10. Suppose -3*m + n*o + 12 = -2*m, o = -4*m + 9. What are the prime factors of m?
3
Let f(x) = -3*x**3 + 2*x**3 + 3*x**2 - 2*x - 5*x**2. Let z be f(-3). Let q = -4 + z. List the prime factors of q.
11
Suppose 0 = -3*i - i - 4*j + 104, i + 3*j = 22. List the prime factors of i.
2, 7
Let f = 11 - 8. Suppose 1 + f = i. What are the prime factors of i?
2
What are the prime factors of 330/27 - (-18)/(-81)?
2, 3
Suppose s + 0*z - 3*z = 16, -3*s + 98 = z. List the prime factors of s.
31
Suppose i - 22 = -i. What are the prime factors of i?
11
Suppose s = 4*s - 147. List the prime factors of s.
7
Suppose -37 - 2 = -3*u. Let t = u - 6. List the prime factors of t.
7
Let v = 2 - 2. Suppose 3*p - 35 = -4*a, 2*a + v*a = 5*p - 93. Suppose 5*y + f - 7 = p, -f - 6 = -y. List the prime factors of y.
5
Let h = 57 + -27. Suppose 5 - 24 = l. Let w = l + h. What are the prime factors of w?
11
Let o = -4 - -8. Suppose -4*l + 20 = o*c, 3*c + 0*c - 15 = 2*l. List the prime factors of c.
5
Suppose -4*h - 4*s = -764, 3*s = -2*h + 369 + 14. Suppose -5*i - 70 + h = 0. What are the prime factors of i?
2, 3
Suppose y + 0*l + 5*l - 48 = 0, -2*y + 2*l + 60 = 0. Suppose 5*i - 3*n = 2*n + 25, 0 = -3*i - 3*n + y. What are the prime factors of i?
2
Suppose 0 = 5*s - 3*s + 3*f - 27, 0 = 2*s + f - 21. Let x = 11 - s. List the prime factors of x.
2
Let a(g) = g**3 - 7*g**2 + 7*g - 4. Let n be a(6). List the prime factors of 45/6 + 1/n.
2
Let p be 2/7 - 156/(-42). Let b(w) = 2*w**3 - 5*w**2 - 2*w + 5. List the prime factors of b(p).
3, 5
Let d(f) = 33*f**3 - f**2 + f. List the prime factors of d(1).
3, 11
Suppose -2*p - i = 25 - 112, 5*p = 2*i + 222. Suppose -p = -5*z + 101. Suppose -6*b + 20 = -2*b, -z = -2*q - 5*b. List the prime factors of q.
2
Let w(q) = q**3 - 15*q**2 + 14*q + 3. What are the prime factors of w(14)?
3
Let g = 6 + -10. Let i = -3 - g. What are the prime factors of ((-4)/6)/(i/(-6))?
2
Suppose -5*p + 326 = -8*s + 5*s, p - 76 = -3*s. List the prime factors of p.
67
Let k = 1 + 0. Let c(t) = -t**2 + 1. Let m(f) = -5*f**2 - 10*f + 18. Let g(q) = k*m(q) - 6*c(q). List the prime factors of g(9).
3
Let r(w) = -4*w + 2. Let u be r(-4). Suppose -u = -t + 9. List the prime factors of t.
3
List the prime factors of 286/33*(-9)/(-2).
3, 13
Let r = 2 - -3. Suppose -w - 3*q + 14 = 3*w, r*q + 15 = w. List the prime factors of w.
5
Suppose -3*b + o = 2 - 8, 3*o = 3*b. Let z(v) = -3*v + 3. Let c be z(b). List the prime factors of -3 - c - -2 - -1.
2, 3
Let z(v) = v**3 - 4*v**2 + 2*v + 4. What are the prime factors of z(4)?
2, 3
Let v = 4 + -9. Let t(w) = -w**2 - 7*w - 4. What are the prime factors of t(v)?
2, 3
Let b(d) = d**3 - 6*d**2 + 2*d. Let j be b(6). Let o = j + 0. What are the prime factors of o?
2, 3
Suppose -c - 12 = -40. Suppose 15 = -3*v + 3*h, 5*v - 2*h + 23 - 7 = 0. List the prime factors of (-3)/v*c/3.
2, 7
Let l = -8 + 11. Let b be l + (3 + -1 - 3). Let y = 0 + b. List the prime factors of y.
2
Suppose 70 = -3*d + 5*b, 5*d + 2*b = -3*b - 90. Let x be 48/d + (-6)/(-15). What are the prime factors of (-2)/(-4)*x + 13?
2, 3
Suppose 0*p = 3*p - 72. Let b = p - 13. List the prime factors of b.
11
Let j(o) = o + 4*o - 6*o**2 - o**3 + 11*o**2 + 3*o - 2. Let d(w) = -2*w**3 - 4*w**2 - 2*w + 2. Let x be d(-2). What are the prime factors of j(x)?
2, 5
Let o(j) be the third derivative of j**4/24 + 23*j**3/6 + 2*j**2. Let i be o(0). List the prime factors of (-6)/(-15) - i/(-5).
5
Suppose 4*l - 4*z - 228 = 0, l + 5*z + 57 = 2*l. Suppose f = 2*o + 19, -l + 146 = 3*f + 2*o. What are the prime factors of f?
3
Suppose 2*q = 6*c - 8*c + 26, q + 2 = 4*c. List the prime factors of q.
2, 5
Suppose 2*d + 12 = 2*t - 7*t, 0 = -2*d - t + 4. What are the prime factors of d?
2
Let z = -3 - -1. Let i = z - 6. Let v = -6 - i. What are the prime factors of v?
2
Suppose 0 = o + 3*z + 9, 5*z + 15 = 2*o - 5*o. Suppose 5*q + 4 + 6 = o. Let h = q - -6. List the prime factors of h.
2
Suppose 2*m = 4*m. Suppose m = 5*a + 3*t - 16, 3*a = 4*t - 1 - 1. Let h = 3 + a. List the prime factors of h.
5
What are the prime factors of -1 + 4 + 24 + 5?
2
Let p(s) = -2 - 4 + 2 + 2*s + 0. Let u be p(3). Suppose -u*n + 3*k = -15 - 5, -n - k + 5 = 0. What are the prime factors of n?
7
Let d(c) = -c + 4. Let y be 20/3 - 4/6. Let v be d(y). Let q(o) = 4*o**2 + 4*o + 3. What are the prime factors of q(v)?
11
Let u = 3 + 3. List the prime factors of (-3)/u + (-114)/(-4).
2, 7
Let r = 3 - 3. Suppose r = -5*z - 7 - 3. What are the prime factors of z/3 - (-85)/15?
5
Let f(u) = 9*u**3 + u**2 + u - 1. Let r be f(1). Suppose r = -0*n + n. List the prime factors of n.
2, 5
Suppose -5*f - w = 102 + 42, -3*f - 68 = -4*w. Let u = f + 46. What are the prime factors of u?
2, 3
Let t(c) = c**3 + 10*c**2 - c - 13. List the prime factors of t(-7).
3, 47
Let g(f) = 7*f**3 - f. Suppose 0*y + 4 = a - y, -5*a - 1 = 2*y. What are the prime factors of g(a)?
2, 3
Let p be ((-12)/2)/(-2) + 0. Suppose 0*k + p*k = -102. Let v = k - -49. List the prime factors of v.
3, 5
Let s(q) = -q**3 - 8*q**2 - 9*q - 6. Let j be s(-6). Suppose t - 8 = 29. Let p = t + j. What are the prime factors of p?
13
Let u = -7 - -5. Let v(m) = -11*m - 2. List the prime factors of v(u).
2, 5
Let y(s) = 32*s + 37. What are the prime factors of y(12)?
421
Let r = -14 - -15. Let l = r - -3. What are the prime factors of l?
2
Suppose -2*a - 69 + 233 = 0. List the prime factors of a.
2, 41
Let h(w) be the second derivative of w**4/6 - 5*w**3/6 + 11*w**2/2 + 5*w. List the prime factors of h(5).
2, 3
Suppose 2*x = 0, 0 = y + 3*x - 2 - 1. List the prime factors of y.
3
Suppose -44 = -12*b + 11*b. List the prime factors of b.
2, 11
Let p(b) = 8*b**2 + 9*b. What are the prime factors of p(-7)?
7, 47
Let z = 22 + -40. Let v = -9 - z. List the prime factors of v.
3
Let k(y) = 3*y + 5. Let x be k(6). Suppose 4*h + x + 17 = 0. Let r(n) = -n**3 - 10*n**2 - n - 8. What are the prime factors of r(h)?
2
Suppose 5 + 1 = 2*t. Let l be (t - (3 + -5))*1. Suppose 0 = 4*i - 15 - l. What are the prime factors of i?
5
Suppose 0 = -v, -2*r + 180 + 206 = 4*v. What are the prime factors of r?
193
Suppose 0 = 3*z - 5*s + 85, z + 5*s = -0*z - 15. Let r = z + 17. Let p = 21 + r. List the prime factors of p.
13
Suppose -4*z - v = -653, -z + 2*v - 4*v = -165. List the prime factors of z.
163
Suppose 5*q - 356 = -4*x + 6*q, x - 89 = -2*q. What are the prime factors of x?
89
Let v be 6/(-27) + 94/18. Let m be 0/(v - 2) - 11. Let i = m + 20. What are the prime factors of i?
3
Suppose -5*t = -3*q - 9*t + 673, 5*t + 856 = 4*q. List the prime factors of q.
3, 73
Suppose -3 = -c + 1. Suppose 5*x = -d + 7, 2*d - 36 = -c*x + 8. Suppose -2*b + 28 = -h, -h + d = 3*b - 0*b. List the prime factors of b.
2, 3
Suppose 2*v - 5*b - 50 = -3*v, 6 = -v - 3*b. Suppose 3*h = 0, -h = 2*w - v*h - 46. What are the prime factors of w?
23
Let i = 15 - 15. Let a = -15 - -29. List the prime factors of a + 2 + i + -2.
2, 7
Suppose 2*q - 5*q - 5 = d, -2*d - 5*q - 8 = 0. List the prime factors of 43 - 8/4*d.
41
Let k be 9*2*2/3. Suppose -z = -8 - k. List the prime factors of z.
2, 5
Let d(l) = 13*l - 4. Let j be 2/(-3) - (-42)/9. Let w(v) = 1. Let t(z) = j*w(z) + d(z). What are the prime factors of t(1)?
13
Let a(x) = x + 6. Let m be a(-11). What are the prime factors of 1 - m - (2 - 1)?
5
Let y be (-2)/6 - 138/(-9). Let i = y + -7. List the prime factors of i.
2
Let q = -4 - -7. Suppose -r = o - 26, r + 59 = 5*r - 5*o. Suppose q*h - 3*u = r, -u = 7*h - 3*h - 13. List the prime factors of h.
2
Let a(t) = -4*t. Let d be a(-1). Let c = 6 + d. What are the prime factors of c?
2, 5
Suppose k - 12 - 1 = 0. Let m = k + -9. List the prime factors of (2/m)/((-2)/(-36)).
3
Let c = 1 + -6. Let k = -6 - c. Let t = k + 16. List the prime factors of t.
3, 5
What are the prime factors of (-454)/(-18) + (-8)/36?
5
Let s = 16 + -12. Suppose -s*j - 80 = -4*i, -j = 4*i + 2*j - 45. What are the prime factors of i?
3, 5
Let w(y) = y**2 - 10*y + 5. Let a be w(6). Let d = a + 31. What are the prime factors of 2*33/d*2?
11
Let d(s) be the first derivative of -s**3/3 - 7*